10 - -3) - u is divided by j?
5
Let u(r) = -r**3 + r**2 + r + 2. Let n be u(0). Let c(l) = -10 + 15 + n*l - 3*l. Calculate the remainder when 30 is divided by c(-6).
8
Suppose 4*t + 4*s = 7*t - 707, 5*t = -4*s + 1125. What is the remainder when t is divided by 23?
22
Let s(i) = -i**3 + i + 5. Let x(f) = f**3 - f**2 + f - 1. Let l = 9 + -10. Let t(n) = l*s(n) - 2*x(n). Calculate the remainder when t(-2) is divided by 7.
5
Let r(b) = b**3 - 3*b**2 + 2*b - 4. Let m be r(3). Suppose n + 7 = 4*x, -2*x - m*x + 20 = 0. Calculate the remainder when 51 is divided by n.
12
Suppose r - 1 = 3. Calculate the remainder when 2 - ((-20)/(-3))/(9/(-27)) is divided by r.
2
Suppose -17 + 157 = 4*x. Calculate the remainder when x is divided by (4 - (-2)/(-1))*1 - -17.
16
Let k(g) = g**3 - 10*g**2 - 10*g - 4. Suppose 19*o - 18*o = 11. What is the remainder when 2*(2 + 21/2) is divided by k(o)?
4
Let i(t) = -3*t - 3. Let z be i(-5). Let u = 23 - z. What is the remainder when 16 is divided by u?
5
Let d be (-2)/10 - (-161)/5. Let q = 45 - d. Let y(c) = -c + 26. What is the remainder when 37 is divided by y(q)?
11
Calculate the remainder when 0 + (-1860)/(-11) - (-40)/(-440) is divided by 34.
33
Let d(l) = -10*l + 34. What is the remainder when 122 is divided by d(3)?
2
Suppose 0 = -120*s + 116*s + 44. What is the remainder when 614 is divided by s?
9
Let b(a) = a**3 - 16*a**2 + 18*a - 22. What is the remainder when b(15) is divided by 4?
3
Let c(q) = q**2 - 2*q - 8. Let x = 6 + -44. Let j = x + 89. What is the remainder when j is divided by c(7)?
24
Suppose 4*r + 14 = 2*m, 4*r = 4*m + r - 13. What is the remainder when 6 is divided by 0/m - (-13)/((-26)/(-12))?
0
Suppose 38 = p - 4. Suppose 4*c = -2*q + p, -5*q + 3*q + 34 = 3*c. Suppose 13*w - 45 = c*w. What is the remainder when 26 is divided by w?
8
Suppose -4*z + 5*z = 24. Calculate the remainder when 10/(60/249) + (-3)/(-6) is divided by z.
18
Let y(p) = p**3 - 4*p**2 - 6*p + 1. Let m be y(5). Let z(b) = -b**3 - b**2 + 4*b + 4. What is the remainder when z(m) is divided by 13?
10
Suppose 0 = -s + 4*v + 40, 3*s - 4*v = -0*v + 112. Let w = s - 16. Calculate the remainder when w is divided by 6.
2
Let r = -1 + 2. Suppose -2*k = -t + 29, 0 = k + k + 10. Suppose -5*q + 7 = -4*p + t, -5*p + 15 = 3*q. Calculate the remainder when p is divided by r.
0
Let d(f) = -3*f + f + 7 + 2*f + 4*f. Suppose -5*j + 2*u = 4*u - 293, -3*j - 2*u = -175. What is the remainder when j is divided by d(2)?
14
Let b = 163 - 152. Calculate the remainder when 58 is divided by b.
3
Suppose 10*f - 133 - 457 = 0. Let r = f - -7. What is the remainder when r is divided by 23?
20
Let d be 92*(3 + -1)*7/14. Suppose -2*k = 2*h - 164, h + d = k - 0*h. What is the remainder when k is divided by 22?
21
Let j = 21 + 20. Let h = 279 + -257. Calculate the remainder when j is divided by h.
19
Suppose 0 = -i + 4*i + 627. Let w = -133 - i. Calculate the remainder when w is divided by 27.
22
Let y = -115 - -219. Calculate the remainder when y is divided by 7.
6
Let n = -104 + 159. Calculate the remainder when n is divided by 18.
1
Let n(m) = 6*m - 2. Let h be n(3). Suppose h = -5*u + u. Let c = 8 + u. Calculate the remainder when 11 is divided by c.
3
Suppose -6 = 3*z, -3*r - 2*r + z = -12. Let q be r/4 + 6/4. Suppose -q*c + 2*m = -28, -1 + 30 = 4*c + 5*m. Calculate the remainder when 32 is divided by c.
10
Let i = -290 + 672. Suppose 4*v + 102 = i. Calculate the remainder when v is divided by 18.
16
Let f = 132 + -132. What is the remainder when 17 is divided by 0 + 0 - (-7 - f)?
3
Suppose -1 = -s + 1. Suppose 2*c + 2*c = -3*a, c = -s*a - 5. Suppose -4*r + z = -3*z - 128, -131 = -4*r + c*z. What is the remainder when r is divided by 10?
5
Suppose 252 = 4*q + 4*l, -2*q = 2*q + l - 255. Calculate the remainder when 314 is divided by q.
58
Let a(s) = s**2 - 8*s - 6. Calculate the remainder when (2387/35 - -2)*5 is divided by a(-5).
56
Let b(w) = -28*w + 162. Calculate the remainder when b(4) is divided by 19.
12
Let d = 5 - 3. Suppose d*t - 13 - 1 = 0. Suppose 0 = -2*u + 4*v - 6, 4*u = -2*v + 1 + t. Calculate the remainder when 4 is divided by u.
0
Let z be 16/(-136) + 412/34. Suppose -4*k = -2*k - z. Calculate the remainder when 9 is divided by k.
3
Let l(p) be the first derivative of 3*p**2 - 15*p - 1. Let u be l(-11). Let s = -46 - u. Calculate the remainder when s is divided by 18.
17
Let r(o) be the third derivative of o**5/15 - o**4/12 - 2*o**3/3 + 6*o**2. Let z = 6 + -3. Calculate the remainder when r(z) is divided by 14.
12
Let j(d) = d**3 - 13*d**2 + 11*d + 14. Let q be j(12). Suppose -3 = q*i - 51. Let n(v) = 47*v**3 - 2*v**2 + 1. What is the remainder when n(1) is divided by i?
22
Suppose j - 25 = 4*z, -8*j + 4*j = -5*z - 111. Let v = 39 + j. What is the remainder when v is divided by 10?
8
Let b(k) = 369*k**3 - 2*k**2 + k + 1. What is the remainder when b(1) is divided by 54?
45
Suppose 4*g - 201 = g. Let w = -709 - -723. What is the remainder when g is divided by w?
11
Suppose -174 = -2*h - 0*h. Let w = 716 - 701. Calculate the remainder when h is divided by w.
12
Let f be 0/(-1 + 0 - -2). Suppose -8*q + 7*q + 26 = f. Calculate the remainder when 99 is divided by q.
21
Let n = 19 + 23. Calculate the remainder when n is divided by (-3)/(-5) + 72/5.
12
Calculate the remainder when 4/(-3) + 2 + 7595/105 is divided by 4/(-2) - 2*-20.
35
Suppose 3*n - 308 = -5*h, -2*h - 503 = -2*n - 3*n. Suppose -2*q - 16 = -u + 26, -n = -3*u + q. What is the remainder when u is divided by 11?
10
Suppose -162 = -0*y - 3*y. Suppose j + q + 9 - 20 = 0, 0 = 2*j - q - 31. What is the remainder when y is divided by j?
12
Let f(x) = -2*x**2 - 53*x - 8. Calculate the remainder when f(-19) is divided by 101.
75
Let q(v) = -v**3 + 33*v**2 + 72*v + 30. Let i(y) = 4*y**3 + y**2 - y. Calculate the remainder when q(35) is divided by i(2).
32
Let k(s) = -3*s + 0*s**2 - s**2 + 3*s. Let x be k(-1). What is the remainder when x/5 + 224/20 is divided by 6?
5
Let g(s) = -s**2 - 9*s - 6. Let j be g(-8). Let w = 241 - 241. Calculate the remainder when 16 is divided by (w - (3 + j))/(-1).
1
Let s(j) = 84*j**3 + 3*j**2 + j - 3. What is the remainder when s(1) is divided by 16?
5
Let x = 3 + 12. Suppose -r = -345 + 112. Let v = 307 - r. Calculate the remainder when v is divided by x.
14
Suppose 4*g + 2*q - 13 = 29, -16 = -2*g - 2*q. Suppose -3*o + 60 = 3*s, s - 3*s - 114 = -5*o. What is the remainder when o is divided by g?
9
Suppose 4*t - 12 = 0, -3*g + t + 18 = 2*t. Suppose -3 = -g*f + 47. What is the remainder when 38 is divided by f?
8
Let l be 2/4 + (65/10)/1. Suppose l*k - 66 - 53 = 0. Calculate the remainder when ((-3)/((-3)/(-32)))/(-1) is divided by k.
15
Let p(h) = -h**3 + 19*h**2 + 67*h + 4. Calculate the remainder when 153 is divided by p(22).
23
Suppose -292 = -3*v - v. Let y = 608 + -583. What is the remainder when v is divided by y?
23
Let u(y) = 3 + 1007*y + 3 - 3 - 4. Let s be u(-2). Calculate the remainder when s/(-45) - 2/(-9) is divided by 16.
13
Let d(m) = -m**3 - m**2 - 3*m - 2. What is the remainder when 125 is divided by d(-2)?
5
Let b = 63 - -26. Let t = 92 + -40. Let o = 75 - t. Calculate the remainder when b is divided by o.
20
Suppose -2*j + 10 = 3*a - 7, 5*a = 4*j + 65. Suppose -4*y - 83 = 277. What is the remainder when (8/(-5))/(a/y) is divided by 6?
4
Suppose 5*d - 140 = 5*g, -4*d + 77 = -d + 4*g. Let i = d + -20. Suppose -6*u + i*u - 62 = 0. What is the remainder when u is divided by 16?
14
What is the remainder when 232 is divided by (-3952)/(-228) - 1/3?
11
Suppose 3*c = -36 + 33. Let k(s) = -5*s**3 - 2*s**2 - 2*s - 1. What is the remainder when -11*1*(0 - 1) is divided by k(c)?
3
Let c(g) = -2*g - 23. Let m = 0 + 4. Suppose -m*u + 5*h = -221, -4*u + h + 233 = -0*h. What is the remainder when u is divided by c(-19)?
14
What is the remainder when -3507*((-49)/7 + 6) is divided by 13?
10
Let m = 216 + -211. Suppose 3*a - z = a + 21, -5*a = z - 56. What is the remainder when a is divided by m?
1
Let x = 26 - 9. Let d(c) = c + 3. Let m be d(x). Suppose -5*s = m, -3*s - s = 2*j - 4. Calculate the remainder when j is divided by 3.
1
Suppose w + 403 = 5*d, 2*d - 4*w - 27 = 127. What is the remainder when 231 is divided by d?
69
Let s(h) = -h**2 + 47. Let g(k) = 